-g*s - 10. Let o(v) = -v - 2. Determine o(s).
-7
Let r(t) = -2*t**3 + 8*t**2 + t. Let s(d) = -d**2 - d. Let z(x) = r(x) + 4*s(x). Let n(l) = 5*l + 11. Let y be n(-6). Let i = 21 + y. Give z(i).
-6
Suppose -y + 0 = -4. Let w(v) = -4*v + 6. Calculate w(y).
-10
Suppose 2*b - 4 = d, -2*d = -5*d + 5*b - 9. Let n(m) = -m**2 + 0*m**3 + 3*m**d - 2*m**3. Suppose -q + 6*q = -h - 3, -3*h + 2*q + 8 = 0. Give n(h).
-8
Let j(k) = -k - 1. Suppose -9 = -0*s + 3*s. Let i(l) = -l**2 + 2*l + 4. Let q(p) = s*j(p) - i(p). Let r(t) = -t**3 + 3*t**2 + 2. Let u be r(3). Give q(u).
5
Let c = 28 - 25. Let w(n) = n**3 - 3*n**2 + 1. Determine w(c).
1
Let u(i) = i - 1. Let p(m) = -4*m + 11. Suppose 4*w + 2*t = 2, 3*w + 2*t = -0*t + 3. Let g(b) = w*p(b) - 5*u(b). Determine g(0).
-6
Let t be 4/(-5)*45/6. Let k(c) be the third derivative of c**6/120 + c**5/10 + c**4/24 - c**3/6 - 86*c**2. Calculate k(t).
-7
Let l(u) = u**2 - 3*u + 2. Let g be (-25 + 26)/((-2)/(-4) + 0). Give l(g).
0
Let s(l) = -l**3 - 6*l**2 - 8*l - 6. Suppose 5 - 20 = 3*f. What is s(f)?
9
Let q(k) = -k**3 + 7*k**2 - k + 2. Let m = 197 + -191. Give q(m).
32
Let p = -87 + 88. Let l(w) = 4*w + 1. Determine l(p).
5
Let o(d) = -d**3 - 4*d**2 - 3*d. Suppose 2*q - x = 4, 5*q - 11 = -2*x + 5*x. Suppose 2*z - 4 = m - q, 0 = -5*z. Determine o(m).
0
Let j(o) = o**2 - 2*o - 1. Suppose -z = -4*z - 42. Let y be (-52)/z - 6/(-21). Let x be (-3)/2*y/(-3). Calculate j(x).
-1
Suppose 0 = 5*m - 6 - 4. Let r be 6/m + (1 - -1). Suppose 2*k - r*k = 9. Let j(x) = -3*x - 3. Determine j(k).
6
Let d = -43 - -18. Let w = -21 - d. Let j(t) = 5*t - 6. Determine j(w).
14
Let x(n) = -4*n**3 + 10 - 1 + 3*n**3 - 2 + 6*n + 6*n**2. Calculate x(7).
0
Let a(g) = -g - 1. Let i(d) = -d**2 + 4*d - 4. Let h be i(3). Let m(p) = -3*p + 3 - 9 - 3*p. Let z(f) = h*m(f) + 4*a(f). What is z(-3)?
-4
Let t = 184 - 181. Let y(n) = -2*n - 3. Give y(t).
-9
Let a(j) = -j**2 - 8*j - 10. Let q be a(-6). Suppose -q*y = 3*y - 10. Let o(i) = 4*i**2 - 1. Determine o(y).
15
Let b be 6/3 - -1 - -1. Let z(d) = d**3 - 4*d**2 - 3*d + 4. What is z(b)?
-8
Let m(k) = -3*k**2 + 4*k - 2. Let n(t) = t**2 - 2. Let g be n(2). Determine m(g).
-6
Let a(v) = -6 + 2 + 6 - 2*v - 5*v**2 - v**3. What is a(-4)?
-6
Let g(q) be the first derivative of 4*q**3/3 + 2*q**2 + 2*q - 4. Let k = 0 + -2. Determine g(k).
10
Let n(r) = 4*r - 34. Let t be n(7). Let a(y) be the third derivative of y**6/120 + 7*y**5/60 + 7*y**4/24 + y**3/3 - y**2. Give a(t).
-4
Let a(o) = -302 - 3*o + 302. What is a(3)?
-9
Let u(w) = -4*w**2. Let m be -8*(-9)/24*2. Let t = 12 - m. Let f be (2/t)/((-5)/(-15)). Calculate u(f).
-4
Let k(p) = -4*p + 2. Let c(v) = -v**3 + 6*v**2 + v - 1. Let h be c(6). Suppose 0 = -h*t + 4*t + 3. Give k(t).
-10
Let y(r) = r**3 + r - 5. Suppose -7*v = -2*v. Suppose v*i - 2*i = 0. What is y(i)?
-5
Let p be -1 - -3 - -1*2. Let g(v) be the first derivative of 1/3*v**3 + 2*v - 2*v**2 - 1. Calculate g(p).
2
Let n be -3 + 1/((-2)/(-8)). Let u(k) = -6*k + 5*k + 5*k. What is u(n)?
4
Let o(r) = -r**3 + 4*r**3 - 2*r**3 + r**2. Let z(q) = -5*q**3 + q. Let b(w) = 6*o(w) + z(w). Determine b(-6).
-6
Let d(w) = 2*w. Let l(k) = -2*k**2 + 4. Let u be l(2). Calculate d(u).
-8
Let f(o) be the third derivative of 0 + 1/2*o**3 - 5/24*o**4 + 1/60*o**5 + 0*o + 2*o**2. What is f(3)?
-3
Let k(q) = q**2 - q + 1. Let n(g) = -6*g**2 + g - 9. Let t(m) = -5*k(m) - n(m). Let c(i) = -2*i + 3 - 2 - 2 + 3. Let f be c(3). Calculate t(f).
4
Let p(q) = -7*q**3 - q**2 - 2*q - 1. Suppose 5*n - 4 = -9. Determine p(n).
7
Let j(y) = -y**2 - y + 1. Let b be j(1). Let p = b - -2. Let g(z) = 7*z**3 - 2*z + 1. Calculate g(p).
6
Let i be 1 + 61/(-9) - (-64)/(-288). Let t(d) = -d - 2. Give t(i).
4
Let p(l) = 8*l - 4 - l**3 + 1 + 3*l**2 - 3*l. Suppose -3*y + 3*v = 0, 5*y + 5*v - 18 = 12. Calculate p(y).
12
Let l = -60 + 53. Let h(j) = -j**2 - 8*j - 2. Calculate h(l).
5
Let u(a) = -1. Let x(z) = z - 4. Let s(o) = -4*u(o) + x(o). Calculate s(6).
6
Let w(a) = a**2 - 5*a + 5. Let h(n) = -3*n**2 + 12*n - 5. Let d be h(3). Determine w(d).
1
Suppose 0 = 14*f - 28 - 28. Let p(t) be the first derivative of -t - f - 1/3*t**3 + 3/2*t**2. What is p(1)?
1
Let b = 8 + -6. Let h(u) = 3 - 1 - b*u - u**2 + 0. Let t be 0 - 4*(-1 + 2). What is h(t)?
-6
Let g(u) be the second derivative of -u**4/12 - u**3/6 + 2*u. Let l(s) = -4*s**2 - 3*s + 4. Let c(k) = 3*g(k) - l(k). Calculate c(3).
5
Let p be (-6)/(-8) + 9/4. Let g(j) be the first derivative of -3 - 1/4*j**4 + j**p + 3/2*j**2 - 4*j. What is g(3)?
5
Let g(m) = -1 + 2*m - m**3 + 3*m - 2 - 3*m**2 - 3*m. Calculate g(-3).
-9
Let o(q) be the third derivative of q**6/120 - 3*q**5/20 + 7*q**4/24 + 2*q**3/3 - 29*q**2. Determine o(8).
-4
Let b(p) = p + 4. Suppose 3*d - 6*j = -2*j + 19, 3*j + 3 = 0. What is b(d)?
9
Let i(s) = s**2 + 2*s - 1. Suppose -2*q + 4 = 2*q. Calculate i(q).
2
Let m(k) = 6*k**2 + k - 1. Suppose 1 = r - 0. What is m(r)?
6
Let o = 15 - 14. Let d(h) = 7 - 4 - 3*h + o + 2*h. Calculate d(3).
1
Let w = -3 - 1. Let d be w/6 - 42/(-9). Let o(f) = f - 3 + d + 2. Give o(-3).
0
Let a(l) = -l**2 - 2*l - 3. Let n = 5 + -3. Let i(t) = t**3 - 2*t**2 - 3*t + 3. Let p be i(n). Give a(p).
-6
Let m(r) = r**3 + 6*r**2 - 7*r + 7. Suppose g = -28 + 21. Calculate m(g).
7
Suppose f = -4*f - 30. Let z(q) = -q + 1. Let v(t) = 6*t - 11. Suppose 3*s + 5*h = -17, 5*s - 3*h + 95 = 2*h. Let c(k) = s*z(k) - 2*v(k). Calculate c(f).
-4
Let f(l) = 2*l**2 - 6*l + 5. Let j = 19 + -15. Determine f(j).
13
Let i(m) = -5*m**3 + 2*m**2 - m - 2. Suppose -f + 3*z = 7, 5*f - 3*z + 1 = -5*z. Give i(f).
6
Let v(w) be the second derivative of w**3/3 + 7*w**2/2 + w. Suppose 0 = -3*x - 0*x - 15. Give v(x).
-3
Let r(n) be the first derivative of -n**3/3 + 3*n**2/2 - n - 3. Give r(4).
-5
Let d(y) = y**3 + 4*y**2 - 4. Suppose 5*j = 11 + 4. Suppose 5 + 5 = 5*k, -n - j*k = -3. Give d(n).
5
Let u be (0/3 - -3) + -3. Let f(i) = -i. Let n(b) = 4*b - 10. Let s(t) = 3*f(t) + n(t). Determine s(u).
-10
Let f(l) be the third derivative of l**6/120 - l**5/60 - l**4/8 - l**3/6 - 10*l**2. Determine f(-2).
-7
Suppose -3*o = -6*o + 12. Suppose -g - o*g + 10 = 0. Let f(v) = -3*v - v - v**g - 2 + 2*v**2. Determine f(5).
3
Let d(o) be the first derivative of o**3/3 - 2. Let u(b) = b + 3. Let y be u(-3). Give d(y).
0
Let l be (2 - 0) + -2 - -3. Let m(g) = g**2 + 2. Let h(o) = o**2 + 6*o + 1. Let s(b) = -h(b) + 2*m(b). Determine s(l).
-6
Let l(b) = 0 + 0*b - 1 - b. Calculate l(3).
-4
Let i(f) = f**3 - 6*f**2 + 6*f - 4. Suppose -v - 11 = -2*g + 1, g = 2*v + 9. Let o be i(g). Let y(n) = -n**2 - 2*n + 1. What is y(o)?
-2
Let q be 3 + -5 + (3 - 1). Suppose -4*j + 4*d + 8 = 0, q*d + 4 = -j - 5*d. Let r(c) = c - 1. Give r(j).
0
Let b(k) = k - 5. Let p(u) = 2*u - 5. Suppose 0*a = 3*s + 2*a - 8, 0 = 5*s - 2*a - 24. Let n be p(s). Suppose -5*z - 3*v + 6 = -0*v, -6 = z + n*v. Give b(z).
-2
Let s(v) = 2*v**2 - 5*v + 3. Suppose 19*c + 6 = 21*c. What is s(c)?
6
Let o(m) = m**2 - m - 10. Let r = 6 + -2. Let n = r - 4. Calculate o(n).
-10
Let s(m) be the first derivative of -5/3*m**3 - 4*m - 5/2*m**2 - 3 - 1/4*m**4. Calculate s(-3).
-7
Let k(h) = -h**2 + 3*h - 3. Let y(c) = c**2 - 8*c + 10. Let n be y(7). What is k(n)?
-3
Let t be (7 - 2) + -1*2. Suppose -5*x + x + 8 = 0. Let j(p) = x*p - 2*p - t - p. Calculate j(3).
-6
Let x(h) = -4*h**3 - 4*h - 4. Let t be x(-1). Let i(g) = g**2 - 4*g + 6. What is i(t)?
6
Let h be 11/2 - 1/(-2). Let j = 6 - h. Let d(m) = 0 - 4 + m + 1. Calculate d(j).
-3
Let x(h) = -4*h + 1. Let p(b) = 3*b + 2. Let o be p(-1). What is x(o)?
5
Suppose -4*u - 60 = -160. Suppose -3*h - 5*w = -10, 4*h - u = 6*w - w. Let k(q) = q**2 - 5*q - 7. Determine k(h).
-7
Let k(p) = 6*p - 1. Let x be (1 + -1 - -1) + -2. Give k(x).
-7
Let q(w) = -w**2 + 2*w - 2. Let n(p) = 2*p + 8 - 7 - 2 - p**3 - 2*p**2. Let y be n(-3). Give q(y).
-2
Let z(v) = v**2 + 10*v + 12. Let u be z(-9). Let s(m) = 4*m**2 - 7*m**3 + 6*m**3 - 2 + 3 - 4*m. Determine s(u).
-2
Suppose -9 = -3*r + 2*u, 8 + 3 = 4*r - 3*u. Suppose 0*t = -t - 2*n + 7, 2*t - 20 = -2*n. Suppose r*h + t = -2. Let a(g) = 4*g + 4. Determine a(h).
-8
Let o(j) = -3 - j - 3 + 7 - 2*j. Suppose -3*t - 5*m - 4 = 0, -3*m + 0 + 6 = 3*t. Let p be (3 - t/3)*6. What is o(p)?
-11
Let k(j) = -j - 1. Let c(d) be the first derivative of d**4/